{"id":494,"date":"2020-11-18T06:07:45","date_gmt":"2020-11-18T06:07:45","guid":{"rendered":"\/?page_id=494"},"modified":"2021-01-04T03:24:37","modified_gmt":"2021-01-04T03:24:37","slug":"terminos-y-condiciones","status":"publish","type":"page","link":"https:\/\/centroelectrofrio.com\/?page_id=494","title":{"rendered":"T\u00e9rminos y Condiciones"},"content":{"rendered":"<p>[et_pb_section fb_built=\u00bb1&#8243; _builder_version=\u00bb4.7.7&#8243; _module_preset=\u00bbdefault\u00bb][et_pb_row _builder_version=\u00bb4.7.7&#8243; _module_preset=\u00bbdefault\u00bb][et_pb_column type=\u00bb4_4&#8243; _builder_version=\u00bb4.7.7&#8243; _module_preset=\u00bbdefault\u00bb][et_pb_text _builder_version=\u00bb4.7.7&#8243; _module_preset=\u00bbdefault\u00bb hover_enabled=\u00bb0&#8243; sticky_enabled=\u00bb0&#8243;]<\/p>\n<h3>\u00a0T\u00c9RMINOS Y CONDICIONES<\/h3>\n<p>El presente contrato describe los t\u00e9rminos y condiciones aplicables al uso del contenido, productos y\/o servicios del sitio web\u00a0<b>nombre sitio web<\/b>. Para hacer uso del contenido, productos y\/o servicios del sitio web el usuario deber\u00e1 sujetarse a los presentes t\u00e9rminos y condiciones.<\/p>\n<h4><strong>I. OBJETO<\/strong><\/h4>\n<p>El objeto es regular el acceso y utilizaci\u00f3n del contenido, productos y\/o servicios a disposici\u00f3n del p\u00fablico en general en el dominio\u00a0<b>Direccion del sitio web.<\/b><\/p>\n<p>El titular se reserva el derecho de realizar cualquier tipo de modificaci\u00f3n en el sitio web en cualquier momento y sin previo aviso, el usuario acepta dichas modificaciones.<\/p>\n<p>El acceso al sitio web por parte del usuario es libre y gratuito, la utilizaci\u00f3n del contenido, productos y\/o servicios implica un costo de suscripci\u00f3n para el usuario.<\/p>\n<p>El sitio web solo admite el acceso a personas mayores de edad y no se hace responsable por el incumplimiento de esto.<\/p>\n<p>El sitio web est\u00e1 dirigido a usuarios residentes en\u00a0<b>El Salvador\u00a0<\/b>y cumple con la legislaci\u00f3n establecida en dicho pa\u00eds, si el usuario reside en otro pa\u00eds y decide acceder al sitio web lo har\u00e1 bajo su responsabilidad.<\/p>\n<p>La administraci\u00f3n del sitio web puede ejercerse por terceros, es decir, personas distintas al titular, sin afectar esto los presentes t\u00e9rminos y condiciones.<\/p>\n<h4><strong>II. USUARIO<\/strong><\/h4>\n<p>La actividad del usuario en el sitio web como publicaciones o comentarios estar\u00e1n sujetos a los presentes t\u00e9rminos y condiciones. El usuario se compromete a utilizar el contenido, productos y\/o servicios de forma l\u00edcita, sin faltar a la moral o al orden p\u00fablico, absteni\u00e9ndose de realizar cualquier acto que afecte los derechos de terceros o el funcionamiento del sitio web.<\/p>\n<p>El usuario se compromete a proporcionar informaci\u00f3n ver\u00eddica en los formularios del sitio web.<\/p>\n<p>El acceso al sitio web no supone una relaci\u00f3n entre el usuario y el titular del sitio web.<\/p>\n<p>El usuario manifiesta ser mayor de edad y contar con la capacidad jur\u00eddica de acatar los presentes t\u00e9rminos y condiciones.<\/p>\n<h4><strong>III. ACCESO Y NAVEGACI\u00d3N EN EL SITIO WEB<\/strong><\/h4>\n<p>El titular no garantiza la continuidad y disponibilidad del contenido, productos y\/o servicios en el sitito web, realizar\u00e1 acciones que fomenten el buen funcionamiento de dicho sitio web sin responsabilidad alguna.<\/p>\n<p>El titular no se responsabiliza de que el software est\u00e9 libre de errores que puedan causar un da\u00f1o al software y\/o hardware del equipo del cual el usuario accede al sitio web. De igual forma, no se responsabiliza por los da\u00f1os causados por el acceso y\/o utilizaci\u00f3n del sitio web.<\/p>\n<h4><strong>IV. POL\u00cdTICA DE PRIVACIDAD Y PROTECCI\u00d3N DE DATOS<\/strong><\/h4>\n<p>Conforme a lo establecido en la Ley Federal de Protecci\u00f3n de Datos Personales en Posesi\u00f3n de Particulares, el titular de compromete a tomar las medidas necesarias que garanticen la seguridad del usuario, evitando que se haga uso indebido de los datos personales que el usuario proporcione en el sitio web.<\/p>\n<p>El titular corroborar\u00e1 que los datos personales contenidos en las bases de datos sean correctos, ver\u00eddicos y actuales, as\u00ed como que se utilicen \u00fanicamente con el fin con el que fueron recabados.<\/p>\n<p><strong>nombre sitio web\u00a0<\/strong><span>\u00a0<\/span>se reserva el derecho de realizar cualquier tipo de modificaci\u00f3n en el Aviso de Privacidad en cualquier momento y sin previo aviso, de acuerdo con sus necesidades o cambios en la legislaci\u00f3n aplicable, el usuario acepta dichas modificaciones.<\/p>\n<p>El sitio web implica la utilizaci\u00f3n de cookies que son peque\u00f1as cantidades de informaci\u00f3n que se almacenan en el navegador utilizado por el usuario como datos de ingreso, preferencias del usuario, fecha y hora en que se accede al sitio web, sitios visitados y direcci\u00f3n IP, esta informaci\u00f3n es an\u00f3nima y solo se utilizar\u00e1 para mejorar el sitio web. Los cookies facilitan la navegaci\u00f3n y la hacen m\u00e1s amigable, sin embargo, el usuario puede desactivarlos en cualquier momento desde su navegador en el entendido de que esto puede afectar algunas funciones del sitio web.<\/p>\n<h4><strong>V. POL\u00cdTICA DE ENLACES<\/strong><\/h4>\n<p>En el sitio web puede contener enlaces a otros sitios de internet pertenecientes a terceros de los cuales no se hace responsable.<\/p>\n<h4><strong>VI. POL\u00cdTICA DE PROPIEDAD INTELECTUAL E INDUSTRIAL<\/strong><\/h4>\n<p>El titular manifiesta tener los derechos de propiedad intelectual e industrial del sitio web incluyendo im\u00e1genes, archivos de audio o video, logotipos, marcas, colores, estructuras, tipograf\u00edas, dise\u00f1os y dem\u00e1s elementos que lo distinguen, protegidos por la legislaci\u00f3n mexicana e internacional en materia de propiedad intelectual e industrial.<\/p>\n<p>El usuario se compromete a respetar los derechos de propiedad industrial e intelectual del titular pudiendo visualizar los elementos del sitio web, almacenarlos, copiarlos e imprimirlos exclusivamente para uso personal.<\/p>\n<h4><strong>VII. LEGISLACI\u00d3N Y JURISDICCI\u00d3N APLICABLE<\/strong><\/h4>\n<p>La relaci\u00f3n entre el usuario y el titular se regir\u00e1 por las legislaciones aplicables en<span>\u00a0<\/span><strong>El Salvador<\/strong>.<\/p>\n<p><b>Nombre sitio web\u00a0<\/b>no se responsabiliza por la indebida utilizaci\u00f3n del contenido, productos y\/o servicios del sitio web y del incumplimiento de los presentes t\u00e9rminos y condiciones.<\/p>\n<p>[\/et_pb_text][\/et_pb_column][\/et_pb_row][\/et_pb_section]<\/p>\n","protected":false},"excerpt":{"rendered":"<p>\u00a0T\u00c9RMINOS Y CONDICIONES El presente contrato describe los t\u00e9rminos y condiciones aplicables al uso del contenido, productos y\/o servicios del sitio web\u00a0nombre sitio web. Para hacer uso del contenido, productos y\/o servicios del sitio web el usuario deber\u00e1 sujetarse a los presentes t\u00e9rminos y condiciones. I. OBJETO El objeto es regular el acceso y utilizaci\u00f3n [&hellip;]<\/p>\n","protected":false},"author":1,"featured_media":0,"parent":0,"menu_order":0,"comment_status":"closed","ping_status":"closed","template":"","meta":{"_et_pb_use_builder":"on","_et_pb_old_content":"","_et_gb_content_width":"","footnotes":""},"class_list":["post-494","page","type-page","status-publish","hentry"],"_links":{"self":[{"href":"https:\/\/centroelectrofrio.com\/index.php?rest_route=\/wp\/v2\/pages\/494","targetHints":{"allow":["GET"]}}],"collection":[{"href":"https:\/\/centroelectrofrio.com\/index.php?rest_route=\/wp\/v2\/pages"}],"about":[{"href":"https:\/\/centroelectrofrio.com\/index.php?rest_route=\/wp\/v2\/types\/page"}],"author":[{"embeddable":true,"href":"https:\/\/centroelectrofrio.com\/index.php?rest_route=\/wp\/v2\/users\/1"}],"replies":[{"embeddable":true,"href":"https:\/\/centroelectrofrio.com\/index.php?rest_route=%2Fwp%2Fv2%2Fcomments&post=494"}],"version-history":[{"count":6,"href":"https:\/\/centroelectrofrio.com\/index.php?rest_route=\/wp\/v2\/pages\/494\/revisions"}],"predecessor-version":[{"id":835,"href":"https:\/\/centroelectrofrio.com\/index.php?rest_route=\/wp\/v2\/pages\/494\/revisions\/835"}],"wp:attachment":[{"href":"https:\/\/centroelectrofrio.com\/index.php?rest_route=%2Fwp%2Fv2%2Fmedia&parent=494"}],"curies":[{"name":"wp","href":"https:\/\/api.w.org\/{rel}","templated":true}]}}